m.
2
Let h = -161 + 173. Calculate the greatest common factor of h and 150.
6
Let t = 32 + -25. Let l(w) = -w**3 - 3*w**2 - 4*w - 3. Let o be l(-2). Suppose -3*r + 4 = o. What is the greatest common factor of r and t?
1
Let q(i) = 26*i**2 - 5*i - 7. Let k be q(-2). Calculate the greatest common factor of 1819 and k.
107
Suppose 2*d - d - 12 = 0. Let o = -11 - -21. Let c be (-164)/(-14) - (o/35)/(-1). What is the greatest common factor of d and c?
12
Suppose -18 + 29 = a. Let k be (10/(-15))/((-2)/363). What is the greatest common divisor of k and a?
11
Suppose -3*g = -0*g - 42. Suppose -3*f = 2*j - 50, 3*f = 4*j + 11 + 15. Calculate the highest common divisor of g and f.
14
Suppose 2*p - 1505 = -3*p + 5*g, 12 = -3*g. Let y be (330/(-20))/((-1)/2). Calculate the greatest common factor of p and y.
33
Let j = -234 - -245. Calculate the greatest common divisor of j and 1133.
11
Let a = -5 - -9. Suppose 2*p = 7*p + a*d - 410, -d = -3*p + 229. Let m = -15 + p. What is the greatest common factor of 9 and m?
9
Suppose 2*g - g - 2*o - 38 = 0, -4*g + 4*o = -148. Calculate the greatest common factor of g and 24.
12
Let c(i) = i**3 + 4*i**2 + 3*i - 3. Let m be c(-3). Let y be -9*((-2)/m)/(-2). Let p = y - -5. What is the highest common factor of p and 32?
8
Let k = -2 + -24. Let p = 37 + k. What is the highest common divisor of p and 121?
11
Let z be ((-8)/(-10))/(2110/300 - 7). Let l(m) = 3*m - 5. Let x be l(7). Calculate the highest common divisor of z and x.
8
Let g(u) = 17*u + 22. Let h be g(-1). Let j be (-2)/(-4) + 98/4. What is the highest common factor of j and h?
5
Suppose 48*c = 66*c - 27972. Calculate the highest common factor of 42 and c.
42
Let n = 31 - -4. Let f be ((-28)/4)/(1/2). Let b be 51/7 + 4/f. Calculate the highest common divisor of n and b.
7
Let r = 754 + -385. Calculate the greatest common divisor of 82 and r.
41
Let w be (-12 - -2)*166/(-4). Calculate the greatest common factor of 83 and w.
83
Let i(y) = y**3 + y**2 - 105*y - 60. Let c be i(-10). Let a be 10/(-3)*(-6)/2. What is the highest common factor of a and c?
10
Suppose -5*i - 5*q + 2645 = 0, 2*q = 9*i - 12*i + 1590. What is the greatest common divisor of 56 and i?
28
Let o = -59 - -108. What is the highest common factor of o and 63?
7
Let x = -886 - -1082. Calculate the greatest common factor of x and 294.
98
Suppose -64 = -4*b - 0*b. Let l be 3/(12/b) + 2. Let a(s) = -s**2 + 8*s - 5. Let f be a(7). What is the greatest common divisor of l and f?
2
Let l = -10 - 6. Let n = l + 27. Let z = 14 + -13. Calculate the highest common factor of n and z.
1
Let p(f) = 9*f - 52. Let t be p(9). Let v = 41 - t. Calculate the greatest common factor of 9 and v.
3
Let v = -15 + 11. Let z be (-60)/v*9/(27/6). Let d = 4 + 1. Calculate the greatest common divisor of z and d.
5
Suppose 3*k - 3*w = k + 262, k + 4*w = 131. Suppose -4*a + 9 = -k. Calculate the highest common divisor of a and 35.
35
Let k be 2/(-15) + (-210412)/(-615). Suppose -t = 2*t - 114. What is the greatest common divisor of t and k?
38
Suppose 5*v + 121 - 10 = i, i = 2*v + 120. Suppose 4*j = -5*f + i, 65 = 4*f + 5*j - 43. Calculate the highest common divisor of f and 110.
22
Let l(k) = -k + 3. Let g be l(-2). Suppose -g*p + 41 = -19. Let t be (-2108)/(-22) + (-6)/(-33). Calculate the highest common divisor of p and t.
12
Let b(x) be the first derivative of 2*x**2 - 23*x - 2. Let v be b(7). What is the highest common factor of v and 35?
5
Let n(l) = -1 + 0 + 7*l - 4 + 0. Let d be n(2). Let a = 22 - d. Calculate the highest common factor of 104 and a.
13
Suppose -h - 24 = -3*h. Suppose 0 = -3*c - 5*o + 29, -c + h = -2*o - 16. Let g = -102 + 108. What is the highest common divisor of c and g?
6
Let y = 377 - 371. What is the highest common factor of y and 54?
6
Let m(u) = u - 1. Let f be m(5). Suppose -2*s - s = f*c - 61, 0 = -3*s + 2*c + 37. What is the highest common divisor of s and 135?
15
Let y = 623 - 238. What is the highest common divisor of y and 70?
35
Suppose 2*y = 6*y + 8, 5*y + 8 = -o. Calculate the highest common divisor of 3 and o.
1
Let j(o) = 7*o + 166. Let i be j(-22). Calculate the highest common factor of i and 492.
12
Suppose 0 = 4*a - 4 - 4. Suppose -a*r - 4*r = -48. Let n(y) = y**2 - 6*y - 4. Let b be n(r). What is the highest common factor of b and 132?
12
Let a(w) = -43*w - 6. Let k be a(-6). Suppose 3*b = -4*b + k. What is the greatest common factor of 24 and b?
12
Let j = 3 - -1. Let z = -52 + 50. Let s be ((-16)/(-6))/(z/(-3)). Calculate the highest common divisor of s and j.
4
Let y = -81 - -180. Calculate the highest common factor of 55 and y.
11
Suppose -2*o = 5*t - 463, 9*o + 4*t = 4*o + 1132. Suppose 14*i + 4*i = 576. What is the highest common factor of i and o?
32
Suppose 653 = -5*f + 2193. Let m(j) = 12*j - 56. Let p be m(7). What is the greatest common divisor of f and p?
28
Let f be (-907)/9 + 1/((-9)/2). Suppose 5*h = 3*z + 983, -3*h = 4*z - 845 + 232. Let n = h + f. What is the greatest common factor of 14 and n?
14
Suppose -36 = -v - s + 3, -25 = -5*s. What is the greatest common divisor of 68 and v?
34
Let o(b) = b**3 + 9*b**2 - 12*b - 13. Let s be o(-10). Let c = -6 + s. What is the highest common factor of c and 6?
1
Suppose -5*f + 0 = 30. Let g(v) = 6*v**2 - v - 2. Let o be g(2). Let l be o + 4/(-8)*f. Calculate the greatest common divisor of l and 92.
23
Suppose -4*z + 68 = -s, -24*z = -25*z - 2*s + 17. Calculate the greatest common factor of 238 and z.
17
Let u be 6/21 + 52/14. Let i = -311 + 339. What is the greatest common factor of u and i?
4
Suppose c = 4*j - 81 + 12, -49 = -4*j - 3*c. Suppose 0 = -8*l + 14*l - 942. Suppose -20*x + 163 = -l. What is the greatest common factor of j and x?
16
Let n = -1828 + -4580. Let a be n/(-40) + 2*(-3)/30. Calculate the highest common factor of 40 and a.
40
Let a be (-59)/(0 - -4 - 3). Let n = 68 + a. Suppose 125 = 5*w - 3*j - 2*j, -3*w = -5*j - 71. What is the greatest common factor of n and w?
9
Let b be 6/5*50/15. Suppose -5*v = 4*f - 2*f - 109, b*f - 2*v - 158 = 0. Let s = f - 7. Calculate the greatest common factor of 14 and s.
7
Suppose -41 = -o - 11. Let m = 88 + -3. Suppose -4*l + v = -m, -2*l + 0*v + 35 = v. Calculate the highest common factor of l and o.
10
Let q = 1907 + -1557. What is the greatest common divisor of 42 and q?
14
Suppose 0 = -2*s + 5*v - 30 + 9, 2*s + 2*v = -14. Let i be s + 24 - 2*-1. Suppose -g + 4*g = i. Calculate the greatest common factor of g and 15.
3
Suppose 5*c - 2416 = 4*f, -4*c - 19*f + 1940 = -15*f. Calculate the greatest common divisor of c and 121.
121
Let u = 29 + -21. Let z be (12/(-15))/(u/(-40)). What is the highest common factor of 6 and z?
2
Let a = 76 - 78. Let r be ((-10)/(-8) + a)/(4/(-48)). Suppose 29 = 3*o - k, 5*o + 7*k - 35 = 2*k. What is the highest common divisor of r and o?
9
Let p be (-12)/78 - 1018/(-26). Suppose 0*k - 1345 = -5*k - 5*u, 0 = k - 2*u - 281. What is the highest common divisor of p and k?
39
Suppose -67*r - 80 = -1286. Suppose -5*l + 5 + 5 = 0. Calculate the greatest common factor of l and r.
2
Let y(t) = t**2 + 6*t - 7. Let h be y(-8). Let l = 7 + h. What is the greatest common divisor of l and 40?
8
Suppose 3 + 2 = d, -4*d + 202 = 2*x. Let o = x + -76. Calculate the highest common divisor of o and 120.
15
Suppose -94 = -17*u + 8. What is the greatest common factor of u and 1398?
6
Let b(v) = 5*v**3 + 108*v**2 - 46*v + 37. Let r be b(-22). Calculate the highest common divisor of 36 and r.
9
Let a = -34 + 29. Let b be ((-93)/(-15) - 0) + 1/a. Calculate the greatest common divisor of 60 and b.
6
Let l(d) = -d - 14. Let j be l(-16). Let w be (8/(-20))/((-1)/25). Calculate the greatest common factor of j and w.
2
Let x = -42 + 52. Let o(c) = -c + 20. Let r be o(0). Calculate the highest common factor of x and r.
10
Suppose 0 = 3*u - 3*q - 42, -34 = -10*u + 7*u + q. Calculate the highest common divisor of 405 and u.
5
Let u(w) = 2*w**2 - 23*w + 15. Let k be u(15). Let c be ((-7)/(-5) - 1) + (-1168)/(-80). Calculate the greatest common divisor of c and k.
15
Let n be -1 - (7 + -40) - (0 - -1). What is the highest common factor of 1147 and n?
31
Suppose w - 10 + 8 = 0. What is the highest common factor of 13 and w?
1
Let a(h) = 50*h**3 + h**2 - 2*h + 1. Let y be a(1)